{"id":627,"date":"2022-05-27T12:36:32","date_gmt":"2022-05-27T10:36:32","guid":{"rendered":"https:\/\/www.techne.hr\/?page_id=627"},"modified":"2022-05-27T12:38:17","modified_gmt":"2022-05-27T10:38:17","slug":"impresum","status":"publish","type":"page","link":"https:\/\/www.techne.hr\/?page_id=627","title":{"rendered":"Impresum"},"content":{"rendered":"\n<p><strong>Naziv i sjedi\u0161te nakladnika:<\/strong>\u00a0<br>TECHNE &#8211; Udru\u017eenje in\u017eenjera Pula<br>Josipa Volti\u0107a 1452100 Pula<br>Tel. +38598213931<\/p>\n\n\n\n<p><strong>Glavni urednik:<\/strong> <br>mr. sc. Radovan Joki\u0107<br><br><strong>Uredni\u0161tvo:<\/strong> <br>mr. sc. Radovan Joki\u0107, Kristijan Matas, Milenko Joki\u0107&nbsp;&nbsp;<br><br><strong>Ure\u0111iva\u010dki odbor&nbsp;<\/strong><br>Prof. dr. sc. Imre Felde, \u00d3buda University Budapest,&nbsp;<br>Prof. dr. sc. Wojciech Sitek, Politechnika \u015al\u0105ska Gliwice,&nbsp;<br>dr.sc. Viktor Lovren\u010di\u0107, C&amp;G Ljubljana,&nbsp;<br>Prof. dr. sc. Bo\u017eo Smoljan, Sveu\u010dili\u0161te Sjever Koprivnica,&nbsp;<br>dr. sc. Sr\u0111an \u017dutobradi\u0107,&nbsp;<br>Doc.&nbsp;dr.sc. Dario Iljki\u0107, RITEH Rijeka&nbsp;<br>Prof.&nbsp;dr.sc. Sven Mari\u010di\u0107, Sveu\u010dili\u0161te \u201cJuraj Dobrila\u201d Pula i&nbsp;<br>mr.sc. Davor Mi\u0161kovi\u0107, Techne.&nbsp;<br><br><strong>Grafi\u010dki urednik:<\/strong><br>Dra\u017een Tomi\u0107<\/p>\n\n\n\n<p><strong>Naslovnica:<\/strong><br>Igor Zirojevi\u0107<\/p>\n\n\n\n<p><strong>Godina postavljanja publikacije na mre\u017eu:&nbsp;<\/strong>2022.<br><br><strong>U\u010destalost izla\u017eenja:<\/strong>&nbsp;najmanje jedan puta godi\u0161nje<\/p>\n","protected":false},"excerpt":{"rendered":"<p>Naziv i sjedi\u0161te nakladnika:\u00a0TECHNE &#8211; Udru\u017eenje in\u017eenjera PulaJosipa Volti\u0107a 1452100 PulaTel. +38598213931 Glavni urednik: mr. sc. Radovan Joki\u0107 Uredni\u0161tvo: mr. sc. Radovan Joki\u0107, Kristijan Matas, Milenko Joki\u0107&nbsp;&nbsp; Ure\u0111iva\u010dki odbor&nbsp;Prof. dr. sc. Imre Felde, \u00d3buda University Budapest,&nbsp;Prof. dr. sc. Wojciech Sitek, Politechnika \u015al\u0105ska Gliwice,&nbsp;dr.sc. Viktor Lovren\u010di\u0107, C&amp;G Ljubljana,&nbsp;Prof. dr. sc. Bo\u017eo<\/p>\n","protected":false},"author":1,"featured_media":0,"parent":0,"menu_order":0,"comment_status":"closed","ping_status":"closed","template":"","meta":[],"_links":{"self":[{"href":"https:\/\/www.techne.hr\/index.php?rest_route=\/wp\/v2\/pages\/627"}],"collection":[{"href":"https:\/\/www.techne.hr\/index.php?rest_route=\/wp\/v2\/pages"}],"about":[{"href":"https:\/\/www.techne.hr\/index.php?rest_route=\/wp\/v2\/types\/page"}],"author":[{"embeddable":true,"href":"https:\/\/www.techne.hr\/index.php?rest_route=\/wp\/v2\/users\/1"}],"replies":[{"embeddable":true,"href":"https:\/\/www.techne.hr\/index.php?rest_route=%2Fwp%2Fv2%2Fcomments&post=627"}],"version-history":[{"count":4,"href":"https:\/\/www.techne.hr\/index.php?rest_route=\/wp\/v2\/pages\/627\/revisions"}],"predecessor-version":[{"id":633,"href":"https:\/\/www.techne.hr\/index.php?rest_route=\/wp\/v2\/pages\/627\/revisions\/633"}],"wp:attachment":[{"href":"https:\/\/www.techne.hr\/index.php?rest_route=%2Fwp%2Fv2%2Fmedia&parent=627"}],"curies":[{"name":"wp","href":"https:\/\/api.w.org\/{rel}","templated":true}]}}